est common factor of 60 and k.
30
Suppose -a = -5*p - 19, 2*a - 46 + 1 = 3*p. Calculate the highest common factor of a and 320.
8
Let o = -93 + 105. Let g be (-1)/((-39)/2600*10/o). What is the highest common factor of g and 10?
10
Suppose -10*k + 870 + 120 = 0. Let f = 110 - k. What is the highest common divisor of f and 11?
11
Let v(z) = -17*z + 27. Let c(t) = 18*t - 26. Let i(l) = 6*c(l) + 7*v(l). Let a be i(-11). What is the highest common divisor of 22 and a?
22
Let x be 2/(-3)*(0 - 63). Let t = 1634 + -1606. What is the highest common factor of t and x?
14
Suppose 5*t + 2*a - 33 = 0, -4*t + 4*a + 24 = 5*a. Suppose 0 = -t*o - i + 35, 2*o - 5*i + 3*i = 2. What is the greatest common factor of 18 and o?
6
Let j = 691 - 665. Calculate the greatest common divisor of j and 10.
2
Suppose 30*d + 651 = 37*d. Let k = -63 + d. Let y = -25 + 70. What is the greatest common factor of y and k?
15
Let j(h) = 24*h - 117. Let s be j(10). What is the greatest common divisor of 12 and s?
3
Let r be -6 - (-4)/(-8)*-354. Let u(g) = g - 2. Let c be u(5). Suppose 0*x - r = -c*f + 3*x, 275 = 5*f - 3*x. Calculate the highest common divisor of f and 26.
26
Let o(f) = -2*f**3 + 32*f**2 + 74*f - 22. Let p be o(18). What is the greatest common factor of 210 and p?
14
Let q be (-4)/(-8)*2 - -3. Let v be 7*((-44)/14 + 4). What is the highest common factor of q and v?
2
Let u = -251 + 461. What is the greatest common divisor of 280 and u?
70
Let v = -1 + 11. Let h(a) = -a**3 + 36*a**2 + 38*a + 93. Let w be h(37). What is the greatest common divisor of w and v?
10
Let w be (30/(-9))/((-18)/27). Calculate the greatest common factor of w and 26.
1
Let l(v) = v**2 - 8*v + 5. Let f be l(5). Let m(a) = a**3 + 9*a**2 - 13*a - 18. Let y be m(f). What is the greatest common divisor of y and 132?
12
Let y(o) = -o**2 - 8*o + 8. Let u be y(-6). What is the greatest common divisor of u and 170?
10
Suppose 58 = -5*l + 3*l. Let k = l - -45. Calculate the highest common factor of 16 and k.
16
Let i be 64/(-48)*(-66)/(-1). Let m be (i/33)/(2 + 13/(-6)). Calculate the highest common divisor of m and 176.
16
Let s = 11 + 11. Let d = 175 + -142. Calculate the highest common divisor of d and s.
11
Suppose 72 = -9*r + 21*r. What is the greatest common divisor of r and 138?
6
Suppose 21*q - 16 = 17*q. Suppose 0 = -4*h + 3*d + 11 - 0, -q*h - 2*d = -6. Calculate the highest common divisor of 20 and h.
2
Suppose 3*c - 4*k - 28 = k, -22 = -4*c - k. Let y(v) = 14*v**2 + 12*v - 26. Let h be y(c). What is the highest common divisor of 50 and h?
50
Suppose -5*j + 8 = -j, -i + j + 1 = 0. Suppose 0 = i*z - 9. Suppose z*g + 5*d = 2, -g + 3*d = -3*g + 2. Calculate the highest common divisor of 4 and g.
4
Let u(f) = -f**3 - 26*f**2 - f + 58. Let p be u(-26). What is the highest common factor of 588 and p?
84
Let a = -7 + 44. Let o = a - -2. Calculate the greatest common divisor of o and 26.
13
Suppose 9*b = 13*b - 24. Let j be 5*b/40*144. What is the highest common divisor of 6 and j?
6
Let s(m) = -250*m + 27. Let k be s(-2). What is the highest common divisor of k and 248?
31
Let o(h) = -295*h - 450. Let p be o(-4). Calculate the highest common divisor of p and 584.
146
Let x(b) = b**2 - b + 12. Let v = 11 - 11. Suppose v = -w - w. Let c be x(w). Calculate the greatest common factor of 18 and c.
6
Let o be (-4 + 1)/(4/(-4)). Suppose -2*r = -o*r + 20. What is the greatest common factor of r and 20?
20
Suppose 4*i - 478 = 5*u, -3*i - 4*u = -435 + 92. Calculate the greatest common factor of i and 936.
117
Suppose 4*h - 2*x = 10 + 210, 0 = 2*x. Let y be ((-22)/(-6))/((-2)/(-6)). Calculate the greatest common divisor of h and y.
11
Let g be (-23 - -17)*(-1)/2. Suppose 7 + 59 = g*m. Suppose 22 = 15*d - 14*d. What is the highest common factor of m and d?
22
Suppose -25*w + 4347 = -18*w. What is the highest common divisor of w and 276?
69
Let c(q) = -3*q + 23. Let a be c(6). Suppose -273 = -3*w + a*r + 49, -2*w = 4*r - 178. Calculate the greatest common factor of 9 and w.
9
Let o(f) = -f**3 - 9*f**2 - 7*f + 19. Let d be o(-8). What is the highest common divisor of d and 275?
11
Let k be 0 + 6 + 6 - (-1 + -5). What is the greatest common divisor of 1818 and k?
18
Let k = 42 + -27. Let a be (138/(-5))/((-2)/k). Suppose 5*f = j + a + 91, 0 = 2*f - 5*j - 110. Calculate the greatest common factor of 24 and f.
12
Let x be ((-91)/14)/(3/(-18)) + 3. What is the greatest common factor of 189 and x?
21
Suppose -2*y = -7*y + 10. Suppose -15*f + 172 - 142 = 0. Suppose 0*s - 6 = -f*s - h, 0 = y*s + 2*h - 4. Calculate the greatest common divisor of 12 and s.
4
Let g be 2/(-4) + (-39)/(-6). Let z(m) = 8*m**2 + 1. Let q be z(1). What is the highest common divisor of q and g?
3
Suppose -5*r + 1115 = m, 0 = -2*m + 4*r - 788 + 2962. Let h = m - 726. What is the greatest common divisor of 41 and h?
41
Suppose -66 = -4*c + 2*n, -9 - 6 = -5*n. Suppose v - 399 = -1660*m + 1655*m, m + 5*v - 51 = 0. What is the greatest common divisor of m and c?
9
Suppose -490 = 2*g - 4*g + 4*z, z + 1252 = 5*g. Suppose -5*d = -2*x - 163, 0 = 4*d + 11 - 31. Let j = g + x. What is the greatest common divisor of j and 26?
26
Suppose -o - 5*c = -7*c + 3, 4 = c. What is the greatest common factor of 70 and o?
5
Let f be (-4)/(-8)*-4*(3 - 4). Calculate the highest common factor of 38 and f.
2
Let p be 17/2 + (-2)/(-4). Let y(t) = 167*t + 907. Let i be y(-5). What is the greatest common factor of i and p?
9
Suppose -2883 = -37*b + 6478. Calculate the greatest common factor of b and 77.
11
Suppose -13*w = -8*w - 20. Calculate the greatest common divisor of w and 12.
4
Let r = 30 + -27. Suppose -2*x = r*x - 60. Calculate the highest common divisor of x and 60.
12
Suppose 6*r = -5*r + 88. Let j(q) = 10*q - 8. Let x be j(8). Calculate the greatest common factor of r and x.
8
Let j be ((-2)/(-2) - -36) + -4. Let g be (-5)/(60/(-88))*j. What is the highest common divisor of 22 and g?
22
Let g = -36 - -71. Let o = g + -33. Suppose 0 = -2*f - 0 + 4. Calculate the greatest common divisor of o and f.
2
Suppose c + 3*z = -z + 20, 3*z - 35 = -2*c. Let q be 49/21 + (-1)/3. Calculate the highest common factor of q and c.
2
Suppose 5*l = 2*l + 168. What is the highest common divisor of l and 42?
14
Let f(n) = -n**2 - 15*n + 24. Let o be f(-16). Let y be (8 - 4) + -1 + -2. What is the greatest common factor of y and o?
1
Let b = 16 + -26. Let h = 18 + b. Calculate the greatest common factor of 24 and h.
8
Suppose -5*x = -4*j + 5*j + 7, -4*j = -4*x + 100. Let s = j - -44. What is the highest common divisor of s and 88?
22
Let s(f) = f**3 - 15*f**2 - 17*f + 18. Let t be s(16). Suppose -t*y + 80 = 2*y. What is the highest common factor of y and 20?
20
Let f be 36/8*2/1. Let v be 2/f + 215/45. Let a be -3 + v/((-10)/(-166)). Calculate the greatest common divisor of a and 20.
20
Suppose 4*t - 5*r + 5 = 76, 4*t = -2*r + 50. Calculate the highest common factor of 14 and t.
14
Let l be 1/(-4) + (-138)/24. Let j be l/(-4)*350/21. What is the highest common divisor of j and 275?
25
Let m be 60 + (9 - 3 - -2). What is the highest common factor of 6 and m?
2
Let x be 0 - ((-7)/((-28)/(-1408)) - 0). What is the highest common factor of 22 and x?
22
Let t(h) = h**3 - 16*h**2 + 36. Let r be t(16). Suppose 64 = 7*g + r. Calculate the highest common factor of g and 76.
4
Let f be ((-4)/(-14))/((-4)/(-28)). Let k be ((-20)/(-8))/(f/60). Let d(w) = 10*w - 5. Let g be d(2). Calculate the greatest common divisor of k and g.
15
Let z = 66 + -72. Let c(s) = -5*s - 24. Let r be c(z). Calculate the highest common divisor of 2 and r.
2
Suppose -y + 70 - 203 = -u, 3*y - 369 = -3*u. Calculate the greatest common divisor of u and 16.
16
Let t be (-17)/(340/(-24))*(7 - 2). Calculate the greatest common divisor of 2 and t.
2
Let s be 28/(-6)*-3*1. What is the greatest common factor of s and 18?
2
Suppose 5*p - 5 = 15, 94 = 3*n + p. What is the highest common factor of n and 1020?
30
Let z be ((-2 - -6) + 9/(-2))*-26. Suppose 0 = 2*v - 5*x + 1, -v - 3 = -3*x - 2. Suppose 106 - v = a. What is the greatest common divisor of z and a?
13
Let f be (9/(-21))/((-10)/70). What is the highest common factor of 321 and f?
3
Let a be 28*9/18*2. Calculate the highest common divisor of a and 266.
14
Suppose -2*x +